g(f) = -f**3 + 7*f**2 - 6*f + 6. Let l be g(6). Suppose -l*c = -4*c - 26. What is the remainder when c is divided by 7?
6
Suppose 0 = -18*s - 5 + 77. What is the remainder when s is divided by (-1*1)/(3/(-9))?
1
Suppose c = -6 + 1. Let m = 24 - 17. What is the remainder when m is divided by (6/c)/((-2)/5)?
1
Let l = -28 - -37. What is the remainder when 44 is divided by l?
8
Suppose 34 = h + 2*q - q, -h = 4*q - 43. Let d = h + -14. What is the remainder when d is divided by 42/8 - 4/16?
2
Let r(h) = h + 7. Let w(j) = -j**2 + 9*j + 4. Let s be w(9). Suppose -s*q + 102 = -q. What is the remainder when q is divided by r(5)?
10
Suppose 4*h = 3*y + 73, -5*h - y = -2*y - 83. Let t = -559 - -620. What is the remainder when t is divided by h?
13
Let w(v) = -v**3 - 7*v**2 - 4*v - 6. What is the remainder when 86 is divided by w(-7)?
20
Suppose -3*j - 2*j = -25. Let k = -12 + 20. Calculate the remainder when ((-45)/(-20))/(2/k) is divided by j.
4
Let u(a) = -2*a**3 - a**2 + 5*a + 0*a**2 + a**3 + 4. Let h(t) = -t - 8. Let k be h(-4). What is the remainder when u(k) is divided by 11?
10
Suppose 2*i - 41 = -13. What is the remainder when 27 is divided by i?
13
Suppose 554 + 46 = 5*a. Suppose 3*v = -v + a. Let m(f) = -3*f + 4. What is the remainder when v is divided by m(-4)?
14
Let h(q) = q. Let v be h(-2). Let l be v/(-13) + (-4)/26. Suppose l = -4*k + 19 + 33. Calculate the remainder when k is divided by 7.
6
Let h(o) = -o - 6. Let u be h(-6). Suppose x + x = u. Suppose x = -3*a - 4*q + 59, 92 = 5*a - a + 2*q. Calculate the remainder when 74 is divided by a.
24
Suppose -604 = -16*q + 1300. What is the remainder when q is divided by 24?
23
Suppose g - 42 = -2*v + 3*g, 0 = -2*v - 4*g + 72. Calculate the remainder when v is divided by 14.
12
What is the remainder when (1/(2/(-148)))/(-2) is divided by 4?
1
Let f(s) = 2*s**2 + 6*s + 3. Suppose 2*o - 8 = 96. Suppose 16 = -3*j + o. What is the remainder when f(-5) is divided by j?
11
Suppose -2*k = -6*k + 5*a + 33, -k - 3 = -5*a. What is the remainder when 59 is divided by k?
11
Let y(b) = -3*b + 1. Calculate the remainder when 27 is divided by y(-2).
6
Let r = 3 + 3. Let t be 1 - (-80 - 1)/3. Suppose 3*b + 23 = w + 9, -t = -3*w - 5*b. What is the remainder when w is divided by r?
5
Suppose o - 5*m = -0*o + 4, 41 = 4*o + 5*m. Let h = -71 - -108. Suppose 0 = -4*i - h + 105. What is the remainder when i is divided by o?
8
Suppose -2*b + 52 = -3*b. Let l = b - -87. Calculate the remainder when l is divided by 12.
11
Suppose -4 = -q + 9. Calculate the remainder when q is divided by 7.
6
Suppose 11*c + 39 = 24*c. What is the remainder when c is divided by 2?
1
Let s(w) = 44*w**2 + 2*w + 1. Let c = 68 - 31. Let v = -22 + c. Calculate the remainder when s(-1) is divided by v.
13
Let b = 20 + -12. Let m be 1/((-2)/(-1))*-4. What is the remainder when 17 is divided by 2 + b*m/(-4)?
5
Suppose 2*f - 5 - 3 = 0. Suppose 2*k = -3*b + 121, f*b - 8*b + 168 = -4*k. Calculate the remainder when b is divided by 22.
19
Let u = -17 - 0. Let z be 1/(50/u - -3). Let s = -1 + z. Calculate the remainder when 61 is divided by s.
13
Let w(y) = 2*y. Let b be w(2). Suppose b*u + 20 = -0*u. Let l = 1 - u. What is the remainder when 10 is divided by l?
4
Let u = 51 - 29. Let g be ((-90)/(-8))/((-1)/(-4)). Suppose 0 = -2*s - 2, 9*s + g = 5*l + 4*s. Calculate the remainder when u is divided by l.
6
Let a = 48 + 10. Let b(c) = 1 + 3 + 5*c + 2*c - 3*c. What is the remainder when a is divided by b(4)?
18
Let y(l) = -26*l**3 - l**2 + l + 2. What is the remainder when 76 is divided by y(-1)?
24
Let z(q) = -q**3 + 2*q - 1. Suppose 0*a = 5*y - 4*a + 22, 6 = 3*y + 4*a. Let s be z(y). Calculate the remainder when (-6)/(6/s) - -9 is divided by 4.
2
Suppose 0 = -2*c + 2*o - 3*o - 63, 2*o = 4*c + 122. Let g = 127 + c. Calculate the remainder when g is divided by 33.
30
Suppose 0 = x + 5 - 2. Let n(d) = -2*d + 1. Calculate the remainder when 20 is divided by n(x).
6
Calculate the remainder when 248/8 - (-3 + 0) is divided by 9.
7
Let z = -12 - -17. Suppose 0*l = l + 4, 4*f + 5*l = 16. What is the remainder when f is divided by z?
4
Suppose 2*f - 8 = 2. Suppose -9*d + f*d = -36. Calculate the remainder when 35 is divided by d.
8
Suppose 5*y = 3*w - 156, w - 172 = 5*y - 10. Let c(u) = -2*u**2 + 5*u + 4. Let f be c(4). Let o = f - y. What is the remainder when o is divided by 9?
7
Let s be 6/(-8) + (-30)/(-8). Suppose 0*w = 2*p - w - 9, w = -s*p + 11. Calculate the remainder when p is divided by 3.
1
Let z = -2 - -4. Suppose -2*p + z*r - 28 = -4*p, -2*p = r - 28. Calculate the remainder when 39 is divided by p.
11
Suppose -3*k - s = -28, 2*k = k + 2*s + 21. What is the remainder when k is divided by ((-27)/15)/(-1)*(-40)/(-12)?
5
Let x(m) = 6*m + 2. Let w(o) = -o**3 - 8*o**2 + 4*o - 6. Calculate the remainder when w(-9) is divided by x(2).
11
Suppose -5*z + 5*q = -325, -2*z - 6*q = -q - 165. Suppose -78 = -3*w + 3*p, -49 = -2*w - p - 3. What is the remainder when z is divided by w?
22
Let r(q) = -q + 7. Let g be r(7). Suppose 3*i - 9 = -g*i. Calculate the remainder when (-4)/6 - (-42)/9 is divided by i.
1
Let m = 8 + -3. Let u(b) = b**3 + 5*b**2 + 3*b - 1. Calculate the remainder when u(-3) is divided by m.
3
Suppose 0 = -0*v - 2*v + 182. Calculate the remainder when v/28 - (-2)/(-8) is divided by 2.
1
Suppose -2*j + j = -2. Suppose j*y - 6 = 4. Calculate the remainder when 13 is divided by y.
3
Let p be (-1)/(-4) + (-40)/32. Let l = 3 - p. Calculate the remainder when 11 is divided by l.
3
Let a be 14*(2 - 3) + -1. Calculate the remainder when 47 is divided by (-60)/9*27/a.
11
Suppose -4*a - 4*h + 140 = 0, -2*a - 3*h = -a - 27. What is the remainder when 153 is divided by a?
36
Let h(p) = p**3 - 4*p**2 + 4*p - 3. Let a be h(3). Let j = -6 - -8. Calculate the remainder when 21 is divided by (-2)/(a - j/11).
10
Suppose 7*c - 3*c - 35 = -o, -5*o = -5*c + 75. What is the remainder when 12/20 + 374/c is divided by 2/9 - 178/(-9)?
18
Suppose 2*v = -4, -a - v = 4*a - 18. Suppose -2*p = 5*r - 6 - 9, -45 = -a*r + 5*p. Let i(b) = 10*b - 28. What is the remainder when r is divided by i(3)?
1
What is the remainder when (-12)/1*(-3)/(36/15) is divided by 6?
3
Let g = 1 + 4. Let c = g - 0. Suppose m - 5*d = -m + 77, 36 = m - c*d. What is the remainder when m is divided by 14?
13
Let k = -53 + 223. Calculate the remainder when k is divided by 19.
18
Suppose 0 = -o + 3, -3*n - 9*o + 75 = -10*o. Calculate the remainder when n is divided by 9.
8
Suppose -1 = 2*y - 9. What is the remainder when 17 is divided by y?
1
Suppose -4*x = -5*s + 9 + 19, 3*s = -4*x + 4. Let z be (0 - -1)/3*-33. Let y = z - -18. What is the remainder when y is divided by s?
3
Suppose 0 = 3*n, -5*m - 2*n + 2 = -8. Suppose -w - 9 = -4*d, 0 = m*d - 6. Calculate the remainder when 9 is divided by w.
0
Suppose 2*o + 63 = -9. Let k = -14 - o. What is the remainder when 64 is divided by k?
20
Suppose 47 = -v - 0*v. Let x be v + 5 + -3 + -2. Let c = -23 - x. What is the remainder when c is divided by 9?
6
Suppose -4*m = 5*z - 141 - 44, -5*m + z + 195 = 0. Calculate the remainder when 39 is divided by (-2 - 0)*m/(-4).
19
Suppose -13*j + 443 + 766 = 0. What is the remainder when j is divided by 12?
9
What is the remainder when 18 is divided by (-8)/(-10)*(-25)/(-2)?
8
Let g = -71 - -127. What is the remainder when g is divided by 10?
6
Suppose 5*x - 114 = -2*h, x - 12 = 5*h - 0*h. Suppose -2*k + 0*b + 4*b - 8 = 0, -x = -2*k - 2*b. Calculate the remainder when 14 is divided by k.
2
Let c = 20 + -12. What is the remainder when 22 is divided by c?
6
Suppose -y + 5 = 3. Suppose b = -s - 1, -b + 3*b = 2*s - 10. Suppose -y*j - s*j = -32. What is the remainder when 22 is divided by j?
6
Let r = 0 + 0. Suppose 3*w - 6*w + 150 = r. Calculate the remainder when w is divided by -2 - (20 - 1)*-1.
16
Suppose 4*m - 20 = 0, 0 = -3*o - 2*o - m + 90. Calculate the remainder when 33 is divided by o.
16
What is the remainder when 61 is divided by ((-2)/(-6))/(1/93)?
30
Let a be 1/2 - 5/(-10). Let s be a/((-1)/8*-2). Suppose s*y - 74 = 2*l, 0 = -0*y + 5*y + l - 96. What is the remainder when y is divided by 7?
5
Let k = 11 - 8. Suppose -28 = -5*n - g + k*g, -3*g = 2*n - 15. Suppose -51 = 2*o - 5*o. What is the remainder when o